[INFO] cloning repository https://github.com/El-Chapo0133/discordbot_rust
[INFO] running `Command { std: "git" "-c" "credential.helper=" "-c" "credential.helper=/workspace/cargo-home/bin/git-credential-null" "clone" "--bare" "https://github.com/El-Chapo0133/discordbot_rust" "/workspace/cache/git-repos/https%3A%2F%2Fgithub.com%2FEl-Chapo0133%2Fdiscordbot_rust", kill_on_drop: false }`
[INFO] [stderr] Cloning into bare repository '/workspace/cache/git-repos/https%3A%2F%2Fgithub.com%2FEl-Chapo0133%2Fdiscordbot_rust'...
[INFO] running `Command { std: "git" "rev-parse" "HEAD", kill_on_drop: false }`
[INFO] [stdout] 2f328a9be6b6aa66e4e8ba5b7c2c132a42a8961f
[INFO] checking El-Chapo0133/discordbot_rust against master#af3c6e733a40e671550e0f0f5aeecaa13772ba56 for pr-74989
[INFO] running `Command { std: "git" "clone" "/workspace/cache/git-repos/https%3A%2F%2Fgithub.com%2FEl-Chapo0133%2Fdiscordbot_rust" "/workspace/builds/worker-3/source", kill_on_drop: false }`
[INFO] [stderr] Cloning into '/workspace/builds/worker-3/source'...
[INFO] [stderr] done.
[INFO] validating manifest of git repo https://github.com/El-Chapo0133/discordbot_rust on toolchain af3c6e733a40e671550e0f0f5aeecaa13772ba56
[INFO] running `Command { std: "/workspace/cargo-home/bin/cargo" "+af3c6e733a40e671550e0f0f5aeecaa13772ba56" "read-manifest" "--manifest-path" "Cargo.toml", kill_on_drop: false }`
[INFO] started tweaking git repo https://github.com/El-Chapo0133/discordbot_rust
[INFO] finished tweaking git repo https://github.com/El-Chapo0133/discordbot_rust
[INFO] tweaked toml for git repo https://github.com/El-Chapo0133/discordbot_rust written to /workspace/builds/worker-3/source/Cargo.toml
[INFO] crate git repo https://github.com/El-Chapo0133/discordbot_rust already has a lockfile, it will not be regenerated
[INFO] running `Command { std: "/workspace/cargo-home/bin/cargo" "+af3c6e733a40e671550e0f0f5aeecaa13772ba56" "fetch" "--locked" "--manifest-path" "Cargo.toml", kill_on_drop: false }`
[INFO] running `Command { std: "docker" "create" "-v" "/var/lib/crater-agent-workspace/builds/worker-3/target:/opt/rustwide/target:rw,Z" "-v" "/var/lib/crater-agent-workspace/builds/worker-3/source:/opt/rustwide/workdir:ro,Z" "-v" "/var/lib/crater-agent-workspace/cargo-home:/opt/rustwide/cargo-home:ro,Z" "-v" "/var/lib/crater-agent-workspace/rustup-home:/opt/rustwide/rustup-home:ro,Z" "-e" "SOURCE_DIR=/opt/rustwide/workdir" "-e" "CARGO_TARGET_DIR=/opt/rustwide/target" "-e" "CARGO_HOME=/opt/rustwide/cargo-home" "-e" "RUSTUP_HOME=/opt/rustwide/rustup-home" "-w" "/opt/rustwide/workdir" "-m" "1610612736" "--user" "0:0" "--network" "none" "rustops/crates-build-env@sha256:d92eaeed33fa75130ca1ee6c8a01d1ffb62bac859dfdfb3450e3e5d1c0146529" "/opt/rustwide/cargo-home/bin/cargo" "+af3c6e733a40e671550e0f0f5aeecaa13772ba56" "metadata" "--no-deps" "--format-version=1", kill_on_drop: false }`
[INFO] [stdout] 0a68f873f7c4de229f6563b816867a9a5d57f8a2d30974cac40e70f3c14f6ace
[INFO] [stderr] WARNING: Your kernel does not support swap limit capabilities or the cgroup is not mounted. Memory limited without swap.
[INFO] running `Command { std: "docker" "start" "-a" "0a68f873f7c4de229f6563b816867a9a5d57f8a2d30974cac40e70f3c14f6ace", kill_on_drop: false }`
[INFO] running `Command { std: "docker" "inspect" "0a68f873f7c4de229f6563b816867a9a5d57f8a2d30974cac40e70f3c14f6ace", kill_on_drop: false }`
[INFO] running `Command { std: "docker" "rm" "-f" "0a68f873f7c4de229f6563b816867a9a5d57f8a2d30974cac40e70f3c14f6ace", kill_on_drop: false }`
[INFO] [stdout] 0a68f873f7c4de229f6563b816867a9a5d57f8a2d30974cac40e70f3c14f6ace
[INFO] running `Command { std: "docker" "create" "-v" "/var/lib/crater-agent-workspace/builds/worker-3/target:/opt/rustwide/target:rw,Z" "-v" "/var/lib/crater-agent-workspace/builds/worker-3/source:/opt/rustwide/workdir:ro,Z" "-v" "/var/lib/crater-agent-workspace/cargo-home:/opt/rustwide/cargo-home:ro,Z" "-v" "/var/lib/crater-agent-workspace/rustup-home:/opt/rustwide/rustup-home:ro,Z" "-e" "SOURCE_DIR=/opt/rustwide/workdir" "-e" "CARGO_TARGET_DIR=/opt/rustwide/target" "-e" "CARGO_INCREMENTAL=0" "-e" "RUST_BACKTRACE=full" "-e" "RUSTFLAGS=--cap-lints=forbid" "-e" "CARGO_HOME=/opt/rustwide/cargo-home" "-e" "RUSTUP_HOME=/opt/rustwide/rustup-home" "-w" "/opt/rustwide/workdir" "-m" "1610612736" "--user" "0:0" "--network" "none" "rustops/crates-build-env@sha256:d92eaeed33fa75130ca1ee6c8a01d1ffb62bac859dfdfb3450e3e5d1c0146529" "/opt/rustwide/cargo-home/bin/cargo" "+af3c6e733a40e671550e0f0f5aeecaa13772ba56" "check" "--frozen" "--all" "--all-targets" "--message-format=json", kill_on_drop: false }`
[INFO] [stdout] dcc33a23f78347900a1963861cc8eb92fb227cb734f8b509be77607ebc919574
[INFO] [stderr] WARNING: Your kernel does not support swap limit capabilities or the cgroup is not mounted. Memory limited without swap.
[INFO] running `Command { std: "docker" "start" "-a" "dcc33a23f78347900a1963861cc8eb92fb227cb734f8b509be77607ebc919574", kill_on_drop: false }`
[INFO] [stderr]    Compiling libc v0.2.71
[INFO] [stderr]    Compiling proc-macro2 v1.0.18
[INFO] [stderr]    Compiling syn v1.0.30
[INFO] [stderr]    Compiling cc v1.0.54
[INFO] [stderr]    Compiling memchr v2.3.3
[INFO] [stderr]     Checking slab v0.4.2
[INFO] [stderr]    Compiling semver-parser v0.7.0
[INFO] [stderr]     Checking pin-project-lite v0.1.6
[INFO] [stderr]     Checking smallvec v1.4.0
[INFO] [stderr]    Compiling proc-macro-hack v0.5.16
[INFO] [stderr]     Checking matches v0.1.8
[INFO] [stderr]    Compiling serde v1.0.111
[INFO] [stderr]     Checking try-lock v0.2.2
[INFO] [stderr]    Compiling crc32fast v1.2.0
[INFO] [stderr]     Checking adler32 v1.0.4
[INFO] [stderr]     Checking scopeguard v1.1.0
[INFO] [stderr]     Checking dtoa v0.4.5
[INFO] [stderr]    Compiling serenity v0.8.6
[INFO] [stderr]     Checking base64 v0.12.1
[INFO] [stderr]    Compiling indexmap v1.4.0
[INFO] [stderr]    Compiling num-traits v0.2.11
[INFO] [stderr]    Compiling num-integer v0.1.42
[INFO] [stderr]     Checking futures-channel v0.3.5
[INFO] [stderr]     Checking http v0.2.1
[INFO] [stderr]     Checking unicode-bidi v0.3.4
[INFO] [stderr]     Checking lock_api v0.3.4
[INFO] [stderr]     Checking miniz_oxide v0.3.6
[INFO] [stderr]     Checking log v0.4.8
[INFO] [stderr]    Compiling semver v0.9.0
[INFO] [stderr]     Checking unicode-normalization v0.1.12
[INFO] [stderr]     Checking smallvec v0.6.13
[INFO] [stderr]    Compiling rustc_version v0.2.3
[INFO] [stderr]     Checking want v0.3.0
[INFO] [stderr]    Compiling parking_lot_core v0.6.2
[INFO] [stderr]    Compiling parking_lot v0.9.0
[INFO] [stderr]    Compiling quote v1.0.6
[INFO] [stderr]     Checking idna v0.2.0
[INFO] [stderr]    Compiling ring v0.16.14
[INFO] [stderr]     Checking iovec v0.1.4
[INFO] [stderr]     Checking net2 v0.2.34
[INFO] [stderr]     Checking num_cpus v1.13.0
[INFO] [stderr]     Checking getrandom v0.1.14
[INFO] [stderr]     Checking time v0.1.43
[INFO] [stderr]     Checking socket2 v0.3.12
[INFO] [stderr]     Checking flate2 v1.0.14
[INFO] [stderr]     Checking bytes v0.4.12
[INFO] [stderr]     Checking threadpool v1.8.1
[INFO] [stderr]     Checking rand_core v0.5.1
[INFO] [stderr]     Checking mio v0.6.22
[INFO] [stderr]     Checking url v2.1.1
[INFO] [stderr]     Checking rand_chacha v0.2.2
[INFO] [stderr]     Checking http-body v0.3.1
[INFO] [stderr]     Checking input_buffer v0.2.0
[INFO] [stderr]     Checking http v0.1.21
[INFO] [stderr]     Checking rand v0.7.3
[INFO] [stderr]     Checking tokio v0.2.21
[INFO] [stderr]     Checking tungstenite v0.9.2
[INFO] [stderr]     Checking webpki v0.21.3
[INFO] [stderr]     Checking sct v0.6.0
[INFO] [stderr]     Checking rustls v0.17.0
[INFO] [stderr]     Checking webpki-roots v0.19.0
[INFO] [stderr]     Checking rustls v0.16.0
[INFO] [stderr]     Checking webpki-roots v0.18.0
[INFO] [stderr]     Checking tokio-util v0.3.1
[INFO] [stderr]     Checking tokio-rustls v0.13.1
[INFO] [stderr]    Compiling pin-project-internal v0.4.17
[INFO] [stderr]    Compiling serde_derive v1.0.111
[INFO] [stderr]    Compiling futures-macro v0.3.5
[INFO] [stderr]    Compiling command_attr v0.2.0
[INFO] [stderr]     Checking pin-project v0.4.17
[INFO] [stderr]     Checking futures-util v0.3.5
[INFO] [stderr]     Checking h2 v0.2.5
[INFO] [stderr]     Checking hyper v0.13.6
[INFO] [stderr]     Checking hyper-rustls v0.20.0
[INFO] [stderr]     Checking serde_json v1.0.53
[INFO] [stderr]     Checking serde_urlencoded v0.6.1
[INFO] [stderr]     Checking chrono v0.4.11
[INFO] [stderr]     Checking reqwest v0.10.6
[INFO] [stderr]     Checking discordbot_rust v0.1.0 (/opt/rustwide/workdir)
[INFO] [stdout] error[E0061]: this function takes 2 arguments but 1 argument was supplied
[INFO] [stdout]   --> src/exponant/mod.rs:18:28
[INFO] [stdout]    |
[INFO] [stdout] 6  |     pub fn get(input: &f64, divisor: f64) -> f64 {
[INFO] [stdout]    |     -------------------------------------------- defined here
[INFO] [stdout] ...
[INFO] [stdout] 18 |                 assert_eq!(Exponant::get(&1.0), 0.1087312731383618);
[INFO] [stdout]    |                            ^^^^^^^^^^^^^ ---- supplied 1 argument
[INFO] [stdout]    |                            |
[INFO] [stdout]    |                            expected 2 arguments
[INFO] [stdout] 
[INFO] [stdout] 
[INFO] [stdout] error[E0061]: this function takes 2 arguments but 1 argument was supplied
[INFO] [stdout]   --> src/exponant/mod.rs:19:28
[INFO] [stdout]    |
[INFO] [stdout] 6  |     pub fn get(input: &f64, divisor: f64) -> f64 {
[INFO] [stdout]    |     -------------------------------------------- defined here
[INFO] [stdout] ...
[INFO] [stdout] 19 |                 assert_eq!(Exponant::get(&2.0), 0.295562243957226);
[INFO] [stdout]    |                            ^^^^^^^^^^^^^ ---- supplied 1 argument
[INFO] [stdout]    |                            |
[INFO] [stdout]    |                            expected 2 arguments
[INFO] [stdout] 
[INFO] [stdout] 
[INFO] [stdout] error[E0061]: this function takes 2 arguments but 1 argument was supplied
[INFO] [stdout]   --> src/exponant/mod.rs:20:28
[INFO] [stdout]    |
[INFO] [stdout] 6  |     pub fn get(input: &f64, divisor: f64) -> f64 {
[INFO] [stdout]    |     -------------------------------------------- defined here
[INFO] [stdout] ...
[INFO] [stdout] 20 |                 assert_eq!(Exponant::get(&3.0), 0.8034214769275068);
[INFO] [stdout]    |                            ^^^^^^^^^^^^^ ---- supplied 1 argument
[INFO] [stdout]    |                            |
[INFO] [stdout]    |                            expected 2 arguments
[INFO] [stdout] 
[INFO] [stdout] 
[INFO] [stdout] error[E0061]: this function takes 2 arguments but 1 argument was supplied
[INFO] [stdout]   --> src/exponant/mod.rs:21:28
[INFO] [stdout]    |
[INFO] [stdout] 6  |     pub fn get(input: &f64, divisor: f64) -> f64 {
[INFO] [stdout]    |     -------------------------------------------- defined here
[INFO] [stdout] ...
[INFO] [stdout] 21 |                 assert_eq!(Exponant::get(&4.0), 2.1839260013257693);
[INFO] [stdout]    |                            ^^^^^^^^^^^^^ ---- supplied 1 argument
[INFO] [stdout]    |                            |
[INFO] [stdout]    |                            expected 2 arguments
[INFO] [stdout] 
[INFO] [stdout] 
[INFO] [stdout] error[E0061]: this function takes 2 arguments but 1 argument was supplied
[INFO] [stdout]   --> src/exponant/mod.rs:22:28
[INFO] [stdout]    |
[INFO] [stdout] 6  |     pub fn get(input: &f64, divisor: f64) -> f64 {
[INFO] [stdout]    |     -------------------------------------------- defined here
[INFO] [stdout] ...
[INFO] [stdout] 22 |                 assert_eq!(Exponant::get(&5.0), 5.936526364103064);
[INFO] [stdout]    |                            ^^^^^^^^^^^^^ ---- supplied 1 argument
[INFO] [stdout]    |                            |
[INFO] [stdout]    |                            expected 2 arguments
[INFO] [stdout] 
[INFO] [stdout] 
[INFO] [stdout] error[E0061]: this function takes 2 arguments but 1 argument was supplied
[INFO] [stdout]   --> src/exponant/mod.rs:23:28
[INFO] [stdout]    |
[INFO] [stdout] 6  |     pub fn get(input: &f64, divisor: f64) -> f64 {
[INFO] [stdout]    |     -------------------------------------------- defined here
[INFO] [stdout] ...
[INFO] [stdout] 23 |                 assert_eq!(Exponant::get(&6.0), 16.137151739709406);
[INFO] [stdout]    |                            ^^^^^^^^^^^^^ ---- supplied 1 argument
[INFO] [stdout]    |                            |
[INFO] [stdout]    |                            expected 2 arguments
[INFO] [stdout] 
[INFO] [stdout] 
[INFO] [stdout] error: aborting due to 6 previous errors
[INFO] [stdout] 
[INFO] [stdout] 
[INFO] [stdout] For more information about this error, try `rustc --explain E0061`.
[INFO] [stdout] 
[INFO] [stderr] error: could not compile `discordbot_rust`.
[INFO] [stderr] 
[INFO] [stderr] To learn more, run the command again with --verbose.
[INFO] [stderr] warning: build failed, waiting for other jobs to finish...
[INFO] [stderr] error: build failed
[INFO] running `Command { std: "docker" "inspect" "dcc33a23f78347900a1963861cc8eb92fb227cb734f8b509be77607ebc919574", kill_on_drop: false }`
[INFO] running `Command { std: "docker" "rm" "-f" "dcc33a23f78347900a1963861cc8eb92fb227cb734f8b509be77607ebc919574", kill_on_drop: false }`
[INFO] [stdout] dcc33a23f78347900a1963861cc8eb92fb227cb734f8b509be77607ebc919574
